{"id":901,"date":"2023-04-14T12:30:28","date_gmt":"2023-04-14T12:30:28","guid":{"rendered":"https:\/\/serein-ge.com\/?page_id=901"},"modified":"2023-04-19T09:21:31","modified_gmt":"2023-04-19T09:21:31","slug":"etre-partenaire","status":"publish","type":"page","link":"https:\/\/serein-ge.com\/?page_id=901","title":{"rendered":"\u00catre Partenaire"},"content":{"rendered":"\n<h2 class=\"wp-block-heading has-text-align-center has-background\" style=\"background-color:#baa232\">DEVENIR NOTRE PARTENAIRE<\/h2>\n\n\n\n<p><strong>Lorem Ipsum<\/strong>&nbsp;est simplement un faux texte de l&rsquo;industrie de l&rsquo;impression et de la composition.&nbsp;Le Lorem Ipsum est le texte factice standard de l&rsquo;industrie depuis les ann\u00e9es 1500, lorsqu&rsquo;un imprimeur inconnu a pris une gal\u00e8re de caract\u00e8res et l&rsquo;a brouill\u00e9 pour en faire un livre de sp\u00e9cimens de caract\u00e8res.&nbsp;Il a surv\u00e9cu non seulement \u00e0 cinq si\u00e8cles, mais aussi au saut dans la composition \u00e9lectronique, restant essentiellement inchang\u00e9.<\/p>\n\n\n<style>.kb-form input.kadence-blocks-field.verify{opacity:0.0;position:absolute;top:0.0;left:0.0;width:0.0;height:0.0;z-index:-1;}<\/style>\n<div class=\"wp-block-kadence-form kadence-form-_658ba3-46 kb-form-wrap\"><form class=\"kb-form\" action=\"\" method=\"post\"><div class=\"kadence-blocks-form-field kb-field-desk-width-100 kb-input-size-standard\"><label for=\"kb_field__658ba3-46_0\">Email<span class=\"required\">*<\/span><\/label><input name=\"kb_field_0\" id=\"kb_field__658ba3-46_0\" data-label=\"Email\" type=\"email\" placeholder=\"\" value=\"\" data-type=\"email\" class=\"kb-field kb-text-style-field kb-email-field kb-field-0\" data-required=\"yes\"\/><\/div><div class=\"kadence-blocks-form-field kb-form-field-1 kb-field-desk-width-100 kb-input-size-standard\"><label for=\"kb_field__658ba3-46_1\">Nom<span class=\"required\">*<\/span><\/label><input name=\"kb_field_1\" id=\"kb_field__658ba3-46_1\" data-label=\"Nom\" type=\"text\" placeholder=\"\" value=\"\" data-type=\"text\" class=\"kb-field kb-text-style-field kb-text-field kb-field-1\" data-required=\"yes\"\/><\/div><div class=\"kadence-blocks-form-field kb-form-field-2 kb-field-desk-width-100 kb-input-size-standard\"><label for=\"kb_field__658ba3-46_2\">Pr\u00e9nom<span class=\"required\">*<\/span><\/label><input name=\"kb_field_2\" id=\"kb_field__658ba3-46_2\" data-label=\"Pr\u00e9nom\" type=\"text\" placeholder=\"\" value=\"\" data-type=\"text\" class=\"kb-field kb-text-style-field kb-text-field kb-field-2\" data-required=\"yes\"\/><\/div><div class=\"kadence-blocks-form-field kb-form-field-3 kb-field-desk-width-100 kb-input-size-standard\"><label for=\"kb_field__658ba3-46_3\">Objet<span class=\"required\">*<\/span><\/label><input name=\"kb_field_3\" id=\"kb_field__658ba3-46_3\" data-label=\"Objet\" type=\"text\" placeholder=\"\" value=\"\" data-type=\"text\" class=\"kb-field kb-text-style-field kb-text-field kb-field-3\" data-required=\"yes\"\/><\/div><div class=\"kadence-blocks-form-field kb-form-field-4 kb-field-desk-width-100 kb-input-size-standard\"><label for=\"kb_field__658ba3-46_4\">Message<span class=\"required\">*<\/span><\/label><textarea name=\"kb_field_4\" id=\"kb_field__658ba3-46_4\" data-label=\"Message\" type=\"textarea\" placeholder=\"\" data-type=\"textarea\" class=\"kb-field kb-text-style-field kb-textarea-field kb-field-4\" rows=\"4\" data-required=\"yes\"><\/textarea><\/div><div class=\"kadence-blocks-form-field kb-form-field-5 kb-field-desk-width-100 kb-input-size-standard\"><label for=\"kb_field__658ba3-46_5\">Telephone<span class=\"required\">*<\/span><\/label><input name=\"kb_field_5\" id=\"kb_field__658ba3-46_5\" data-label=\"Telephone\" type=\"tel\" placeholder=\"\" value=\"\" data-type=\"tel\" class=\"kb-field kb-text-style-field kb-tel-field kb-field-5\" data-required=\"yes\"\/><\/div><input type=\"hidden\" name=\"_kb_form_id\" value=\"_658ba3-46\"\/><input type=\"hidden\" name=\"_kb_form_post_id\" value=\"901\"\/><input type=\"hidden\" name=\"action\" value=\"kb_process_ajax_submit\"\/><label class=\"kadence-verify-label\">Email<input class=\"kadence-blocks-field verify\" type=\"text\" name=\"_kb_verify_email\" autocomplete=\"new-password\" aria-hidden=\"true\" placeholder=\"Email\" tabindex=\"-1\" data-1p-ignore=\"true\" data-lpignore=\"true\" \/><\/label><div class=\"kadence-blocks-form-field kb-submit-field kb-field-desk-width-100\"><button class=\"kb-forms-submit button kb-button-size-standard kb-button-width-auto\">Envoyer<\/button><\/div><\/form><\/div>\n<noscript><div class=\"kadence-blocks-form-message kadence-blocks-form-warning\">Veuillez activer JavaScript dans votre navigateur pour envoyer le formulaire.<\/div><style>.kadence-form-_658ba3-46 .kadence-blocks-form-field.kb-submit-field { display: none; }<\/style><\/noscript>","protected":false},"excerpt":{"rendered":"<p>DEVENIR NOTRE PARTENAIRE Lorem Ipsum&nbsp;est simplement un faux texte de l&rsquo;industrie de l&rsquo;impression et de la composition.&nbsp;Le Lorem Ipsum est le texte factice standard de l&rsquo;industrie depuis les ann\u00e9es 1500, lorsqu&rsquo;un imprimeur inconnu a pris une gal\u00e8re de caract\u00e8res et l&rsquo;a brouill\u00e9 pour en faire un livre de sp\u00e9cimens de caract\u00e8res.&nbsp;Il a surv\u00e9cu non seulement&#8230;<\/p>\n","protected":false},"author":5,"featured_media":0,"parent":0,"menu_order":0,"comment_status":"closed","ping_status":"closed","template":"","meta":{"_eb_attr":"","_kadence_starter_templates_imported_post":false,"_kad_post_transparent":"","_kad_post_title":"","_kad_post_layout":"","_kad_post_sidebar_id":"","_kad_post_content_style":"","_kad_post_vertical_padding":"","_kad_post_feature":"","_kad_post_feature_position":"","_kad_post_header":false,"_kad_post_footer":false,"_kad_post_classname":"","footnotes":""},"class_list":["post-901","page","type-page","status-publish","hentry"],"_links":{"self":[{"href":"https:\/\/serein-ge.com\/index.php?rest_route=\/wp\/v2\/pages\/901","targetHints":{"allow":["GET"]}}],"collection":[{"href":"https:\/\/serein-ge.com\/index.php?rest_route=\/wp\/v2\/pages"}],"about":[{"href":"https:\/\/serein-ge.com\/index.php?rest_route=\/wp\/v2\/types\/page"}],"author":[{"embeddable":true,"href":"https:\/\/serein-ge.com\/index.php?rest_route=\/wp\/v2\/users\/5"}],"replies":[{"embeddable":true,"href":"https:\/\/serein-ge.com\/index.php?rest_route=%2Fwp%2Fv2%2Fcomments&post=901"}],"version-history":[{"count":0,"href":"https:\/\/serein-ge.com\/index.php?rest_route=\/wp\/v2\/pages\/901\/revisions"}],"wp:attachment":[{"href":"https:\/\/serein-ge.com\/index.php?rest_route=%2Fwp%2Fv2%2Fmedia&parent=901"}],"curies":[{"name":"wp","href":"https:\/\/api.w.org\/{rel}","templated":true}]}}